 = 2*z - 4*m. List the prime factors of z.
2, 61
Suppose -126*i = -68*i - 572692. List the prime factors of i.
2, 4937
Suppose 40 = 10*h - 2*h. Suppose 2*l - h*q = -9*q - 4, 0 = -2*l - 3*q - 2. Suppose l*m = -3*x + 6*m + 434, -3*x = m - 424. What are the prime factors of x?
2, 71
Let s(c) = -7*c - 158. Let w be s(-23). Suppose 67 + 2996 = w*q. List the prime factors of q.
1021
Suppose -96*z + 9764037 = 188*z - 35*z. What are the prime factors of z?
3, 4357
Suppose -2303727 = -222*z + 1040037. List the prime factors of z.
2, 17, 443
Let b(a) = -710*a - 75. What are the prime factors of b(-14)?
5, 1973
Let f(y) = -2*y**2 - 60*y - 16. Let i be f(-28). Let c = i - -110. What are the prime factors of c?
2, 103
List the prime factors of (645/(-12))/((-32)/3328).
2, 5, 13, 43
Suppose -2*b + 18091 + 13239 = -g, -31312 = -2*b - 2*g. What are the prime factors of b?
2, 41, 191
What are the prime factors of (-1 - (-670)/4)/(13*(-282)/(-1808560))?
2, 3, 5, 37
Let r = 935 - 467. Suppose 7*g - 5*g = -4*l + r, 5*l + 884 = 4*g. What are the prime factors of g?
2, 113
Let f(n) be the first derivative of 7*n**3 + 7*n**2 - n + 196. What are the prime factors of f(-7)?
2, 3, 5, 31
Suppose 52*m - 36*m = 358496. What are the prime factors of m?
2, 17, 659
Let z(p) = -p**3 + 19*p**2 + 21*p - 29. Let l be z(20). Let t(b) = 7*b**2 + 10*b - 20. What are the prime factors of t(l)?
457
Suppose 6*o = -228 + 1104. Suppose 2*p - 4*g = 192, -3*p + o + 87 = 5*g. List the prime factors of p.
2, 43
Let o(u) = -2*u**3 + 75*u**2 - 101*u + 23. List the prime factors of o(33).
6491
Suppose 5*h - 5*r + 15 = -50, -7*h + r = 73. Let m(b) = -194*b - 69. List the prime factors of m(h).
1871
Suppose -2*d - 2*f = -36 - 44, 3*d + f = 122. Suppose d = 8*c - 7. List the prime factors of (-332)/(-3) + (-1)/(c/4).
2, 5, 11
Let r(t) = -t**2 + 17*t - 113. Let x be r(7). What are the prime factors of (-18)/(-36)*(-36 - 2)*x?
19, 43
Suppose 0 = -8*c + 3*c + 395. Suppose u + 57 = 2*s, 2*u + c = -6*s + 3*s. Let p = u + 78. List the prime factors of p.
31
Let o(h) = 32293*h**2 + 26*h - 31. List the prime factors of o(1).
2, 1009
Suppose 3*h - 53 = -32, 4*x - 281446 = 2*h. What are the prime factors of x?
3, 5, 4691
Let u(y) = -8*y - 6. Let a be u(-2). Let x(g) = 12 - 18 - 19 + a*g - 13. List the prime factors of x(17).
2, 3, 11
Let c be (12/(-18) + 2)*(-9)/(-6). Suppose -c*g - 3060 = -12*g. List the prime factors of g.
2, 3, 17
List the prime factors of (7 - (-232)/(-24)) + (-210472)/(-6).
2, 3, 37, 79
Let m be 1*(-284 + -3) + -5. Let j = 722 + m. What are the prime factors of j?
2, 5, 43
Let a(v) = 79*v**3 - 10*v**2 - 24*v - 13. What are the prime factors of a(7)?
2, 73, 181
Let f be 0 + 6954/4 - 138/92. What are the prime factors of 2/3*f*(-8)/(-48)?
193
Let u = -3385 + 6198. What are the prime factors of u?
29, 97
Suppose 47890 = 3*a - 123*k + 128*k, -2*a + 31928 = 3*k. What are the prime factors of a?
2, 5, 1597
Suppose 10456839 = 162*y + 898839. What are the prime factors of y?
2, 5, 59
Let q(y) = 3*y**2 + 25*y + 12. Let d be q(-8). Suppose 0 = -5*v - d*f + 1312 - 21, 3*f + 3 = 0. What are the prime factors of v?
7, 37
Let i = 36 - 97. Let n = 99 + i. Suppose 3*z + n = 320. List the prime factors of z.
2, 47
Let y be 25/15*(0 - -6). List the prime factors of y/((-10)/(-7)) - -881.
2, 3, 37
Let i = -1809 - -3705. What are the prime factors of i?
2, 3, 79
Let m(j) be the second derivative of -j**4/12 + 6*j**3 - 5*j**2/2 - 10*j. What are the prime factors of m(30)?
5, 7
Let k be -16*3/(-12) - (-2 + -1). What are the prime factors of ((-168)/(-12))/(((-28)/(-30))/k)?
3, 5, 7
Let b = -19 + 24. Suppose -b*h - 24 - 9 = -4*i, -i = 5*h + 23. What are the prime factors of 157/(i - 6 - -5)?
157
Suppose 69*d - 213585 = -54524 + 1315055. What are the prime factors of d?
2, 7, 109
Suppose -2*h - 1447 = 3*r, 377 = -4*r - h - 1544. Let b = 684 - r. List the prime factors of b.
1163
Let p(k) = k**2 + 2. Let r(y) = -6*y**2 - 17*y + 25. Let i(d) = -5*p(d) - r(d). List the prime factors of i(-25).
3, 5, 11
Suppose 0 = -3*o + j + 32, 4*j + 1 = o - 17. Let l(c) be the second derivative of 11*c**3/6 - 7*c**2 + 43*c + 1. What are the prime factors of l(o)?
2, 3
Let d be (-1)/6 - (-3 - (-2)/(-12)). Let h be (-4)/(-12) + 29/d. What are the prime factors of 107*1 + (8 - h)?
3, 5, 7
Let m(l) = -6*l**3 - 2*l**2 + 4*l - 3. Let h be m(2). Let k = -31 - h. List the prime factors of (k/(-6))/(10/(-15)).
5
Let a be -27*(-2 + (-4 - -5)). Suppose -4*k - 33 = -k. Let t = k + a. What are the prime factors of t?
2
Suppose -6*o + 10*o = 824. Let a = 413 - o. List the prime factors of a.
3, 23
Let f = -20572 + 41733. What are the prime factors of f?
7, 3023
Let o(g) = 14*g - 39. Let t be o(4). Let k = 152 - t. List the prime factors of k.
3, 5
Suppose 5*k = 3*q - 8786, -72*k = -2*q - 70*k + 5856. List the prime factors of q.
2927
Let p = 38 - 35. Suppose 2*i - 3*h = 5*i - 585, -959 = -5*i + p*h. What are the prime factors of i?
193
Let o(f) = -4*f**2 - f**2 + f + 3*f + 6*f**2 - 6 + 2*f**3. List the prime factors of o(4).
2, 7, 11
Suppose 64*z + 340 = 74*z. Suppose -2*l = z*l - 23148. What are the prime factors of l?
643
List the prime factors of 64090/(-19720)*((-2774)/2 - (2 + -1)).
13, 347
Suppose -p = -5*o + 2250, 3*o = 7*o + p - 1800. Suppose -33*u = -34*u + o. List the prime factors of u.
2, 3, 5
Let y(j) = 49*j**2 + 30*j - 397. List the prime factors of y(11).
2, 3, 977
Let f be 2759 + ((-10)/(-2) + -8 - 2). Suppose -5*q - 3*a + 6*a = -f, 2*q + a = 1095. List the prime factors of q.
3, 61
Let r = 53708 + -37280. List the prime factors of r.
2, 3, 37
Let n(z) = -z**3 - 2*z**2 - 93*z - 57. What are the prime factors of n(-21)?
3, 5, 137
Let x(w) = 318*w**2 + 11*w - 330. List the prime factors of x(9).
3, 67, 127
Suppose -2*q + 23 - 6953 = 2*s, 0 = -5*s + 2*q - 17290. Let i = -2451 - s. List the prime factors of i.
1009
Let w(x) = 3*x**3 - 18*x**2 + 4*x - 15. Let d be w(6). Let q(m) = 45*m + 96. What are the prime factors of q(d)?
3, 167
List the prime factors of 306790/(26 - 16) - (-7 - -4 - 4).
2, 67, 229
Suppose 22*u - 12318 = 19*u + 3*i, 2*i - 8196 = -2*u. List the prime factors of u.
2, 7, 293
Let j(k) = -k + 7. Suppose -424 = -5*p - 49. Let y = 73 - p. List the prime factors of j(y).
3
Let c(u) = -u**2 + 9*u - 2. Let g be c(8). Let o(z) = 2*z**3 - 6*z**2 + 13. Let a be o(g). Let w = a - 18. List the prime factors of w.
211
Suppose 48104 = 117*g + 1514 + 726. Let h be 2/((-2)/6*-2). Suppose 5*o + h*l = g, -28 = 4*o + 3*l - 341. What are the prime factors of o?
79
Suppose 3*l + 11 - 20 = 0. Suppose -o = -0*o + l, -3*o = -4*p + 141. Let g = p + 39. List the prime factors of g.
2, 3
Suppose -144 - 129 = -7*p. Suppose -p*c - 11 = -38*c. Let l(f) = -f**2 - 25*f - 21. List the prime factors of l(c).
7, 19
Suppose -5*b - 4*m = 85, -4*b - 51 = -4*m + 53. Let j = b + 209. List the prime factors of j.
2, 47
Let k(l) = 2*l + 18. Let b be k(26). Let j be (b/3)/(18/675). Suppose -17*h + j = -230. List the prime factors of h.
5, 13
Let f = -37 - -40. Suppose 409 = 2*k + 4*g - 45, -f*k = 3*g - 678. List the prime factors of k.
3, 5
List the prime factors of (2205/6)/(16/736).
3, 5, 7, 23
Let j = -131 + 147. What are the prime factors of j/(-20)*((-1005)/6 + 5)?
2, 5, 13
Let v = -6469 + 16864. What are the prime factors of v?
3, 5, 7, 11
Suppose -3*v - 24 = 3*o, -7*v + 4*v + 5*o = -16. Let c(w) = -373*w - 35. What are the prime factors of c(v)?
2, 271
Let j = -54 + 244. Let b be (-6 - j/(-35)) + (-18)/(-7). What are the prime factors of (17 - -1)*(b - 2/(-3))?
2, 3
Suppose 3*h + 81 = 5*v - 2060, -h - 4*v = 725. Let y be 16/24 - (2 - h/9). Let z = -16 - y. List the prime factors of z.
5, 13
Suppose -3*s = -2*n - 77556, 417*s - 421*s = -n - 103418. List the prime factors of s.
2, 101
Suppose -6*o + 2*o + 8 = 0. Suppose 5*j - 433 - 276 = -2*z, 0 = -o*j + 2*z + 278. Suppose -f = -3*c + 140, j + 4 = 3*c - 2*f. List the prime factors of c.
3, 5
Let j = -652 - -647. Let u(h) = -6*h**3 + 10*h**2 + 20*h - 2. List the prime factors of u(j).
2, 449
Suppose -4*z + 13 + 7 = 0. Suppose -z*x + 4*c = -97, x + 3*c - 11 = 8*c. What are the prime factors of x?
3, 7
Suppose 5*h - 6815 = -5*u, 0 = -h - 5*u + 1640 - 289. Suppose 2*k - h = -5*w, -5*w - 4*k = -w